{"id":20,"date":"2026-01-19T19:11:34","date_gmt":"2026-01-19T18:11:34","guid":{"rendered":"https:\/\/dupont.tmp26.iutn.o2switch.site\/module_2_wordpress\/wordpress_02\/?page_id=20"},"modified":"2026-01-20T21:52:32","modified_gmt":"2026-01-20T20:52:32","slug":"lp-e-commerce","status":"publish","type":"page","link":"https:\/\/dupont.tmp26.iutn.o2switch.site\/module_2_wordpress\/wordpress_02\/lp-e-commerce\/","title":{"rendered":"LP E-Commerce et Marketing Num\u00e9rique"},"content":{"rendered":"\n<h2 class=\"wp-block-heading has-text-align-center\">Devenez expert du digital avec la Licence E-commerce &amp; Marketing Digital<\/h2>\n\n\n\n<div style=\"height:40px\" aria-hidden=\"true\" class=\"wp-block-spacer\"><\/div>\n\n\n\n<div class=\"wp-block-columns is-layout-flex wp-container-core-columns-is-layout-9d6595d7 wp-block-columns-is-layout-flex\">\n<div class=\"wp-block-column is-layout-flow wp-block-column-is-layout-flow\" style=\"flex-basis:33.33%\">\n<figure class=\"wp-block-video\"><video controls src=\"https:\/\/dupont.tmp26.iutn.o2switch.site\/module_2_wordpress\/video\/Captions_505DA6.mp4\"><\/video><\/figure>\n<\/div>\n\n\n\n<div class=\"wp-block-column is-layout-flow wp-block-column-is-layout-flow\" style=\"flex-basis:66.66%\">\n<p><\/p>\n\n\n\n<p><\/p>\n\n\n\n<p><\/p>\n\n\n\n<p>Une formation professionnalisante, pratique et innovante, en alternance \u00e0 Skillfor Campus Martinique. D\u00e9veloppez vos comp\u00e9tences en e-commerce, marketing num\u00e9rique et strat\u00e9gie digitale.<\/p>\n<\/div>\n<\/div>\n\n\n\n<p>Une formation professionnalisante, pratique et innovante, en alternance \u00e0 Skillfor Campus Martinique. D\u00e9veloppez vos comp\u00e9tences en e-commerce, marketing num\u00e9rique et strat\u00e9gie digitale.<\/p>\n\n\n\n<div style=\"height:40px\" aria-hidden=\"true\" class=\"wp-block-spacer\"><\/div>\n\n\n\n<h2 class=\"wp-block-heading has-text-align-center\">Programme &amp; comp\u00e9tences<\/h2>\n\n\n\n<div style=\"height:25px\" aria-hidden=\"true\" class=\"wp-block-spacer\"><\/div>\n\n\n\n<p class=\"has-white-color has-text-color has-background has-link-color wp-elements-aabe62905c1f4cb061afd01af78b386f\" style=\"background-color:#1a6794\"><strong>Cliquez sur le bouton ci-dessous et d\u00e9couvrez le d\u00e9tail des mati\u00e8res, les m\u00e9thodes p\u00e9dagogiques et les comp\u00e9tences que vous allez acqu\u00e9rir.<\/strong><\/p>\n\n\n\n<div style=\"height:25px\" aria-hidden=\"true\" class=\"wp-block-spacer\"><\/div>\n\n\n\n<div class=\"wp-block-buttons is-layout-flex wp-block-buttons-is-layout-flex\">\n<div class=\"wp-block-button has-custom-width wp-block-button__width-100\"><a class=\"wp-block-button__link has-vivid-red-background-color has-background wp-element-button\" style=\"text-decoration:underline\"><strong>En savoir plus sur la licence pro E-Commerce<\/strong><\/a><\/div>\n<\/div>\n\n\n\n<div style=\"height:45px\" aria-hidden=\"true\" class=\"wp-block-spacer\"><\/div>\n\n\n\n<h2 class=\"wp-block-heading has-text-align-center\">Public cibles &amp; pr\u00e9-requis<\/h2>\n\n\n\n<div style=\"height:25px\" aria-hidden=\"true\" class=\"wp-block-spacer\"><\/div>\n\n\n\n<p class=\"has-white-color has-text-color has-background has-link-color wp-elements-43514506d699198a8895687d54dea39f\" style=\"background-color:#1a6794\"><strong>Cliquez sur le bouton ci-dessous et v\u00e9rifiez les conditions d\u2019admission, le profil recherch\u00e9 et les m\u00e9tiers accessibles apr\u00e8s la licence.<\/strong><\/p>\n\n\n\n<div style=\"height:25px\" aria-hidden=\"true\" class=\"wp-block-spacer\"><\/div>\n\n\n\n<div class=\"wp-block-buttons is-layout-flex wp-block-buttons-is-layout-flex\">\n<div class=\"wp-block-button has-custom-width wp-block-button__width-100\"><a class=\"wp-block-button__link has-vivid-red-background-color has-background wp-element-button\" style=\"border-top-left-radius:30px;border-top-right-radius:30px;border-bottom-left-radius:30px;border-bottom-right-radius:30px;text-decoration:underline\"><strong>D\u00e9couvrir le public cibles et les comp\u00e9tences<\/strong><\/a><\/div>\n<\/div>\n\n\n\n<div style=\"height:45px\" aria-hidden=\"true\" class=\"wp-block-spacer\"><\/div>\n\n\n\n<h2 class=\"wp-block-heading has-text-align-center\">T\u00e9moignages \u00e9tudiants<\/h2>\n\n\n\n<div style=\"height:25px\" aria-hidden=\"true\" class=\"wp-block-spacer\"><\/div>\n\n\n\n<p class=\"has-white-color has-text-color has-background has-link-color wp-elements-99c75fa3e05f09b75cd99947431d66f5\" style=\"background-color:#1a6794\"><strong>Cliquez sur le bouton ci-dessous et lisez les exp\u00e9riences de nos \u00e9tudiants en alternance et d\u00e9couvrez leur parcours apr\u00e8s la formation.<\/strong><\/p>\n\n\n\n<div style=\"height:25px\" aria-hidden=\"true\" class=\"wp-block-spacer\"><\/div>\n\n\n\n<div class=\"wp-block-buttons is-layout-flex wp-block-buttons-is-layout-flex\">\n<div class=\"wp-block-button has-custom-width wp-block-button__width-100\"><a class=\"wp-block-button__link has-vivid-red-background-color has-background wp-element-button\" style=\"text-decoration:underline\"><strong>Voir les t\u00e9moignages<\/strong><\/a><\/div>\n<\/div>\n\n\n\n<div style=\"height:45px\" aria-hidden=\"true\" class=\"wp-block-spacer\"><\/div>\n\n\n\n<h2 class=\"wp-block-heading has-text-align-center\">Candidature<\/h2>\n\n\n\n<div style=\"height:25px\" aria-hidden=\"true\" class=\"wp-block-spacer\"><\/div>\n\n\n\n<p class=\"has-white-color has-text-color has-background has-link-color wp-elements-85724942e29028af6642385a9db9a7e7\" style=\"background-color:#1a6794\"><strong>Cliquez sur le bouton ci-dessous et remplissez le formulaire pour nous envoyer votre candidature et rejoindre la prochaine promotion.<\/strong><\/p>\n\n\n\n<div style=\"height:25px\" aria-hidden=\"true\" class=\"wp-block-spacer\"><\/div>\n\n\n\n<div class=\"wp-block-buttons is-layout-flex wp-block-buttons-is-layout-flex\">\n<div class=\"wp-block-button has-custom-width wp-block-button__width-100\"><a class=\"wp-block-button__link has-vivid-red-background-color has-background wp-element-button\" style=\"text-decoration:underline\"><strong>Postuler maintenant<\/strong><\/a><\/div>\n<\/div>\n\n\n\n<p><\/p>\n","protected":false},"excerpt":{"rendered":"<p>Devenez expert du digital avec la Licence E-commerce &amp; Marketing Digital Une formation professionnalisante, pratique et innovante, en alternance \u00e0 Skillfor Campus Martinique. D\u00e9veloppez vos comp\u00e9tences en e-commerce, marketing num\u00e9rique et strat\u00e9gie digitale. Une formation professionnalisante, pratique et innovante, en alternance \u00e0 Skillfor Campus Martinique. D\u00e9veloppez vos comp\u00e9tences en e-commerce, marketing num\u00e9rique et strat\u00e9gie digitale. [&hellip;]<\/p>\n","protected":false},"author":1,"featured_media":0,"parent":0,"menu_order":0,"comment_status":"closed","ping_status":"closed","template":"","meta":{"footnotes":""},"class_list":["post-20","page","type-page","status-publish","hentry"],"_links":{"self":[{"href":"https:\/\/dupont.tmp26.iutn.o2switch.site\/module_2_wordpress\/wordpress_02\/wp-json\/wp\/v2\/pages\/20","targetHints":{"allow":["GET"]}}],"collection":[{"href":"https:\/\/dupont.tmp26.iutn.o2switch.site\/module_2_wordpress\/wordpress_02\/wp-json\/wp\/v2\/pages"}],"about":[{"href":"https:\/\/dupont.tmp26.iutn.o2switch.site\/module_2_wordpress\/wordpress_02\/wp-json\/wp\/v2\/types\/page"}],"author":[{"embeddable":true,"href":"https:\/\/dupont.tmp26.iutn.o2switch.site\/module_2_wordpress\/wordpress_02\/wp-json\/wp\/v2\/users\/1"}],"replies":[{"embeddable":true,"href":"https:\/\/dupont.tmp26.iutn.o2switch.site\/module_2_wordpress\/wordpress_02\/wp-json\/wp\/v2\/comments?post=20"}],"version-history":[{"count":8,"href":"https:\/\/dupont.tmp26.iutn.o2switch.site\/module_2_wordpress\/wordpress_02\/wp-json\/wp\/v2\/pages\/20\/revisions"}],"predecessor-version":[{"id":625,"href":"https:\/\/dupont.tmp26.iutn.o2switch.site\/module_2_wordpress\/wordpress_02\/wp-json\/wp\/v2\/pages\/20\/revisions\/625"}],"wp:attachment":[{"href":"https:\/\/dupont.tmp26.iutn.o2switch.site\/module_2_wordpress\/wordpress_02\/wp-json\/wp\/v2\/media?parent=20"}],"curies":[{"name":"wp","href":"https:\/\/api.w.org\/{rel}","templated":true}]}}